{"id":26,"date":"2023-03-07T09:24:53","date_gmt":"2023-03-07T09:24:53","guid":{"rendered":"https:\/\/au-suisse.ch\/?page_id=26"},"modified":"2023-03-08T14:03:56","modified_gmt":"2023-03-08T14:03:56","slug":"cafe-restaurant-au-suisse","status":"publish","type":"page","link":"https:\/\/au-suisse.ch\/","title":{"rendered":"Caf\u00e9 Restaurant Au Suisse"},"content":{"rendered":"\t\t<div data-elementor-type=\"wp-page\" data-elementor-id=\"26\" class=\"elementor elementor-26\" data-elementor-post-type=\"page\">\n\t\t\t\t\t\t<section class=\"elementor-section elementor-top-section elementor-element elementor-element-3878dfc elementor-section-stretched elementor-section-boxed elementor-section-height-default elementor-section-height-default\" data-id=\"3878dfc\" data-element_type=\"section\" data-e-type=\"section\" data-settings=\"{&quot;stretch_section&quot;:&quot;section-stretched&quot;}\">\n\t\t\t\t\t\t<div class=\"elementor-container elementor-column-gap-default\">\n\t\t\t\t\t<div class=\"elementor-column elementor-col-100 elementor-top-column elementor-element elementor-element-d624a34\" data-id=\"d624a34\" data-element_type=\"column\" data-e-type=\"column\">\n\t\t\t<div class=\"elementor-widget-wrap elementor-element-populated\">\n\t\t\t\t\t\t<section class=\"elementor-section elementor-inner-section elementor-element elementor-element-5e02c5e elementor-section-boxed elementor-section-height-default elementor-section-height-default\" data-id=\"5e02c5e\" data-element_type=\"section\" data-e-type=\"section\">\n\t\t\t\t\t\t<div class=\"elementor-container elementor-column-gap-default\">\n\t\t\t\t\t<div class=\"elementor-column elementor-col-33 elementor-inner-column elementor-element elementor-element-32c1090\" data-id=\"32c1090\" data-element_type=\"column\" data-e-type=\"column\">\n\t\t\t<div class=\"elementor-widget-wrap\">\n\t\t\t\t\t\t\t<\/div>\n\t\t<\/div>\n\t\t\t\t<div class=\"elementor-column elementor-col-33 elementor-inner-column elementor-element elementor-element-128672a\" data-id=\"128672a\" data-element_type=\"column\" data-e-type=\"column\">\n\t\t\t<div class=\"elementor-widget-wrap elementor-element-populated\">\n\t\t\t\t\t\t<div class=\"elementor-element elementor-element-dcefce1 elementor-widget elementor-widget-image\" data-id=\"dcefce1\" data-element_type=\"widget\" data-e-type=\"widget\" data-widget_type=\"image.default\">\n\t\t\t\t<div class=\"elementor-widget-container\">\n\t\t\t\t\t\t\t\t\t\t\t\t\t\t\t<img fetchpriority=\"high\" decoding=\"async\" width=\"750\" height=\"750\" src=\"https:\/\/au-suisse.ch\/wp-content\/uploads\/2023\/03\/au-suisse_4-1024x1024.jpeg\" class=\"attachment-large size-large wp-image-43\" alt=\"\" srcset=\"https:\/\/au-suisse.ch\/wp-content\/uploads\/2023\/03\/au-suisse_4-1024x1024.jpeg 1024w, https:\/\/au-suisse.ch\/wp-content\/uploads\/2023\/03\/au-suisse_4-300x300.jpeg 300w, https:\/\/au-suisse.ch\/wp-content\/uploads\/2023\/03\/au-suisse_4-150x150.jpeg 150w, https:\/\/au-suisse.ch\/wp-content\/uploads\/2023\/03\/au-suisse_4-768x768.jpeg 768w, https:\/\/au-suisse.ch\/wp-content\/uploads\/2023\/03\/au-suisse_4-1536x1536.jpeg 1536w, https:\/\/au-suisse.ch\/wp-content\/uploads\/2023\/03\/au-suisse_4-1568x1568.jpeg 1568w, https:\/\/au-suisse.ch\/wp-content\/uploads\/2023\/03\/au-suisse_4.jpeg 2048w\" sizes=\"(max-width: 750px) 100vw, 750px\" style=\"width:100%;height:100%;max-width:2048px\" \/>\t\t\t\t\t\t\t\t\t\t\t\t\t\t\t<\/div>\n\t\t\t\t<\/div>\n\t\t\t\t<div class=\"elementor-element elementor-element-0445c56 elementor-widget elementor-widget-text-editor\" data-id=\"0445c56\" data-element_type=\"widget\" data-e-type=\"widget\" data-widget_type=\"text-editor.default\">\n\t\t\t\t<div class=\"elementor-widget-container\">\n\t\t\t\t\t\t\t\t\t<p>Le restaurant \u00ab\u00a0Au Suisse\u00a0\u00bb est un restaurant traditionnel situ\u00e9 en face du ch\u00e2teau de Romont dans une ruelle pittoresque. Notre restaurant vous propose une cuisine traditionnelle \u00e0 base de produits frais.<\/p><p>En \u00e9t\u00e9, la terrasse ombrag\u00e9e vous accueille pour un moment de d\u00e9tente.<\/p>\t\t\t\t\t\t\t\t<\/div>\n\t\t\t\t<\/div>\n\t\t\t\t\t<\/div>\n\t\t<\/div>\n\t\t\t\t<div class=\"elementor-column elementor-col-33 elementor-inner-column elementor-element elementor-element-19e4181\" data-id=\"19e4181\" data-element_type=\"column\" data-e-type=\"column\">\n\t\t\t<div class=\"elementor-widget-wrap\">\n\t\t\t\t\t\t\t<\/div>\n\t\t<\/div>\n\t\t\t\t\t<\/div>\n\t\t<\/section>\n\t\t\t\t\t<\/div>\n\t\t<\/div>\n\t\t\t\t\t<\/div>\n\t\t<\/section>\n\t\t\t\t<section class=\"elementor-section elementor-top-section elementor-element elementor-element-d85c1f2 elementor-section-stretched elementor-section-boxed elementor-section-height-default elementor-section-height-default\" data-id=\"d85c1f2\" data-element_type=\"section\" data-e-type=\"section\" data-settings=\"{&quot;stretch_section&quot;:&quot;section-stretched&quot;}\">\n\t\t\t\t\t\t<div class=\"elementor-container elementor-column-gap-default\">\n\t\t\t\t\t<div class=\"elementor-column elementor-col-100 elementor-top-column elementor-element elementor-element-0871658\" data-id=\"0871658\" data-element_type=\"column\" data-e-type=\"column\">\n\t\t\t<div class=\"elementor-widget-wrap elementor-element-populated\">\n\t\t\t\t\t\t<div class=\"elementor-element elementor-element-1dc018e elementor-widget elementor-widget-heading\" data-id=\"1dc018e\" data-element_type=\"widget\" data-e-type=\"widget\" data-widget_type=\"heading.default\">\n\t\t\t\t<div class=\"elementor-widget-container\">\n\t\t\t\t\t<h1 class=\"elementor-heading-title elementor-size-xl\">Horaire<\/h1>\t\t\t\t<\/div>\n\t\t\t\t<\/div>\n\t\t\t\t<section class=\"elementor-section elementor-inner-section elementor-element elementor-element-e2d26d3 elementor-section-boxed elementor-section-height-default elementor-section-height-default\" data-id=\"e2d26d3\" data-element_type=\"section\" data-e-type=\"section\">\n\t\t\t\t\t\t<div class=\"elementor-container elementor-column-gap-default\">\n\t\t\t\t\t<div class=\"elementor-column elementor-col-33 elementor-inner-column elementor-element elementor-element-1c79c54\" data-id=\"1c79c54\" data-element_type=\"column\" data-e-type=\"column\">\n\t\t\t<div class=\"elementor-widget-wrap elementor-element-populated\">\n\t\t\t\t\t\t<div class=\"elementor-element elementor-element-f5be4a0 elementor-widget elementor-widget-text-editor\" data-id=\"f5be4a0\" data-element_type=\"widget\" data-e-type=\"widget\" data-widget_type=\"text-editor.default\">\n\t\t\t\t<div class=\"elementor-widget-container\">\n\t\t\t\t\t\t\t\t\t<p>Lundi :<\/p><p>Mardi :<\/p><p>Mercredi :<\/p><p>Jeudi :<\/p><p>Vendredi :<\/p><p>Samedi :<\/p><p>Dimanche :<\/p>\t\t\t\t\t\t\t\t<\/div>\n\t\t\t\t<\/div>\n\t\t\t\t\t<\/div>\n\t\t<\/div>\n\t\t\t\t<div class=\"elementor-column elementor-col-66 elementor-inner-column elementor-element elementor-element-d5463a7\" data-id=\"d5463a7\" data-element_type=\"column\" data-e-type=\"column\">\n\t\t\t<div class=\"elementor-widget-wrap elementor-element-populated\">\n\t\t\t\t\t\t<div class=\"elementor-element elementor-element-a255f06 elementor-widget elementor-widget-text-editor\" data-id=\"a255f06\" data-element_type=\"widget\" data-e-type=\"widget\" data-widget_type=\"text-editor.default\">\n\t\t\t\t<div class=\"elementor-widget-container\">\n\t\t\t\t\t\t\t\t\t<p>10h00 &#8211; 23h00<\/p><p>Ferm\u00e9<\/p><p>10h00 &#8211; 23h00<\/p><p>10h00 &#8211; 23h00<\/p><p>10h00 &#8211; 23h00<\/p><p>10h00 &#8211; 23h00<\/p><p>09h00 &#8211; 17h00<\/p>\t\t\t\t\t\t\t\t<\/div>\n\t\t\t\t<\/div>\n\t\t\t\t\t<\/div>\n\t\t<\/div>\n\t\t\t\t\t<\/div>\n\t\t<\/section>\n\t\t\t\t\t<\/div>\n\t\t<\/div>\n\t\t\t\t\t<\/div>\n\t\t<\/section>\n\t\t\t\t<\/div>\n\t\t","protected":false},"excerpt":{"rendered":"<p>Le restaurant \u00ab\u00a0Au Suisse\u00a0\u00bb est un restaurant traditionnel situ\u00e9 en face du ch\u00e2teau de Romont dans une ruelle pittoresque. Notre restaurant vous propose une cuisine traditionnelle \u00e0 base de produits frais. En \u00e9t\u00e9, la terrasse ombrag\u00e9e vous accueille pour un moment de d\u00e9tente. Horaire Lundi : Mardi : Mercredi : Jeudi : Vendredi : Samedi&hellip; <a class=\"more-link\" href=\"https:\/\/au-suisse.ch\/\">Poursuivre la lecture <span class=\"screen-reader-text\">Caf\u00e9 Restaurant Au Suisse<\/span><\/a><\/p>\n","protected":false},"author":1,"featured_media":0,"parent":0,"menu_order":0,"comment_status":"closed","ping_status":"closed","template":"","meta":{"footnotes":""},"class_list":["post-26","page","type-page","status-publish","hentry","entry"],"_links":{"self":[{"href":"https:\/\/au-suisse.ch\/index.php\/wp-json\/wp\/v2\/pages\/26","targetHints":{"allow":["GET"]}}],"collection":[{"href":"https:\/\/au-suisse.ch\/index.php\/wp-json\/wp\/v2\/pages"}],"about":[{"href":"https:\/\/au-suisse.ch\/index.php\/wp-json\/wp\/v2\/types\/page"}],"author":[{"embeddable":true,"href":"https:\/\/au-suisse.ch\/index.php\/wp-json\/wp\/v2\/users\/1"}],"replies":[{"embeddable":true,"href":"https:\/\/au-suisse.ch\/index.php\/wp-json\/wp\/v2\/comments?post=26"}],"version-history":[{"count":32,"href":"https:\/\/au-suisse.ch\/index.php\/wp-json\/wp\/v2\/pages\/26\/revisions"}],"predecessor-version":[{"id":160,"href":"https:\/\/au-suisse.ch\/index.php\/wp-json\/wp\/v2\/pages\/26\/revisions\/160"}],"wp:attachment":[{"href":"https:\/\/au-suisse.ch\/index.php\/wp-json\/wp\/v2\/media?parent=26"}],"curies":[{"name":"wp","href":"https:\/\/api.w.org\/{rel}","templated":true}]}}