{"id":166,"date":"2025-04-13T11:06:26","date_gmt":"2025-04-13T11:06:26","guid":{"rendered":"https:\/\/au-suisse.ch\/?page_id=166"},"modified":"2025-05-12T07:55:33","modified_gmt":"2025-05-12T07:55:33","slug":"fete-des-meres","status":"publish","type":"page","link":"https:\/\/au-suisse.ch\/index.php\/fete-des-meres\/","title":{"rendered":"F\u00eate des m\u00e8res"},"content":{"rendered":"\t\t<div data-elementor-type=\"wp-page\" data-elementor-id=\"166\" class=\"elementor elementor-166\" data-elementor-post-type=\"page\">\n\t\t\t\t\t\t<section class=\"elementor-section elementor-top-section elementor-element elementor-element-2caf282 elementor-section-stretched elementor-section-boxed elementor-section-height-default elementor-section-height-default\" data-id=\"2caf282\" data-element_type=\"section\" data-e-type=\"section\" data-settings=\"{&quot;stretch_section&quot;:&quot;section-stretched&quot;}\">\n\t\t\t\t\t\t<div class=\"elementor-container elementor-column-gap-default\">\n\t\t\t\t\t<div class=\"elementor-column elementor-col-100 elementor-top-column elementor-element elementor-element-431fa3e\" data-id=\"431fa3e\" data-element_type=\"column\" data-e-type=\"column\">\n\t\t\t<div class=\"elementor-widget-wrap elementor-element-populated\">\n\t\t\t\t\t\t<div class=\"elementor-element elementor-element-d42c4ff elementor-widget elementor-widget-heading\" data-id=\"d42c4ff\" data-element_type=\"widget\" data-e-type=\"widget\" data-widget_type=\"heading.default\">\n\t\t\t\t<div class=\"elementor-widget-container\">\n\t\t\t\t\t<h1 class=\"elementor-heading-title elementor-size-xl\">Menu de la f\u00eate des m\u00e8res<\/h1>\t\t\t\t<\/div>\n\t\t\t\t<\/div>\n\t\t\t\t<section class=\"elementor-section elementor-inner-section elementor-element elementor-element-7424228 elementor-section-boxed elementor-section-height-default elementor-section-height-default\" data-id=\"7424228\" data-element_type=\"section\" data-e-type=\"section\">\n\t\t\t\t\t\t<div class=\"elementor-container elementor-column-gap-default\">\n\t\t\t\t\t<div class=\"elementor-column elementor-col-33 elementor-inner-column elementor-element elementor-element-b2c566b\" data-id=\"b2c566b\" data-element_type=\"column\" data-e-type=\"column\">\n\t\t\t<div class=\"elementor-widget-wrap\">\n\t\t\t\t\t\t\t<\/div>\n\t\t<\/div>\n\t\t\t\t<div class=\"elementor-column elementor-col-33 elementor-inner-column elementor-element elementor-element-adf84b8\" data-id=\"adf84b8\" data-element_type=\"column\" data-e-type=\"column\">\n\t\t\t<div class=\"elementor-widget-wrap elementor-element-populated\">\n\t\t\t\t\t\t<div class=\"elementor-element elementor-element-0a4c7f2 elementor-widget elementor-widget-text-editor\" data-id=\"0a4c7f2\" data-element_type=\"widget\" data-e-type=\"widget\" data-widget_type=\"text-editor.default\">\n\t\t\t\t<div class=\"elementor-widget-container\">\n\t\t\t\t\t\t\t\t\t<p>C\u00e9l\u00e9brez P\u00e2ques avec une assiette festive et gourmand. Commencez par de tendres asperges accompagn\u00e9es de jambon cru et napp\u00e9es d&rsquo;une sauce hollandaise onctueuse. Poursuivez avec un r\u00f4ti d&rsquo;agneau fondant et savoureux, servi avec un assortiment de l\u00e9gumes printaniers et des pommes croustillantes dor\u00e9es \u00e0 souhait. Terminez ce repas en douceur avec une coupe de fraises fra\u00eeches, pour une touche fruit\u00e9e et l\u00e9g\u00e8re.<\/p><p>\u00a0<\/p><p>Menu complet : 55.00 CHF<\/p><p>Assiette : 32.00 CHF<\/p>\t\t\t\t\t\t\t\t<\/div>\n\t\t\t\t<\/div>\n\t\t\t\t\t<\/div>\n\t\t<\/div>\n\t\t\t\t<div class=\"elementor-column elementor-col-33 elementor-inner-column elementor-element elementor-element-6abc013\" data-id=\"6abc013\" data-element_type=\"column\" data-e-type=\"column\">\n\t\t\t<div class=\"elementor-widget-wrap\">\n\t\t\t\t\t\t\t<\/div>\n\t\t<\/div>\n\t\t\t\t\t<\/div>\n\t\t<\/section>\n\t\t\t\t\t<\/div>\n\t\t<\/div>\n\t\t\t\t\t<\/div>\n\t\t<\/section>\n\t\t\t\t<\/div>\n\t\t","protected":false},"excerpt":{"rendered":"<p>Menu de la f\u00eate des m\u00e8res C\u00e9l\u00e9brez P\u00e2ques avec une assiette festive et gourmand. Commencez par de tendres asperges accompagn\u00e9es de jambon cru et napp\u00e9es d&rsquo;une sauce hollandaise onctueuse. Poursuivez avec un r\u00f4ti d&rsquo;agneau fondant et savoureux, servi avec un assortiment de l\u00e9gumes printaniers et des pommes croustillantes dor\u00e9es \u00e0 souhait. Terminez ce repas en&hellip; <a class=\"more-link\" href=\"https:\/\/au-suisse.ch\/index.php\/fete-des-meres\/\">Poursuivre la lecture <span class=\"screen-reader-text\">F\u00eate des m\u00e8res<\/span><\/a><\/p>\n","protected":false},"author":1,"featured_media":0,"parent":0,"menu_order":0,"comment_status":"closed","ping_status":"closed","template":"","meta":{"footnotes":""},"class_list":["post-166","page","type-page","status-publish","hentry","entry"],"_links":{"self":[{"href":"https:\/\/au-suisse.ch\/index.php\/wp-json\/wp\/v2\/pages\/166","targetHints":{"allow":["GET"]}}],"collection":[{"href":"https:\/\/au-suisse.ch\/index.php\/wp-json\/wp\/v2\/pages"}],"about":[{"href":"https:\/\/au-suisse.ch\/index.php\/wp-json\/wp\/v2\/types\/page"}],"author":[{"embeddable":true,"href":"https:\/\/au-suisse.ch\/index.php\/wp-json\/wp\/v2\/users\/1"}],"replies":[{"embeddable":true,"href":"https:\/\/au-suisse.ch\/index.php\/wp-json\/wp\/v2\/comments?post=166"}],"version-history":[{"count":43,"href":"https:\/\/au-suisse.ch\/index.php\/wp-json\/wp\/v2\/pages\/166\/revisions"}],"predecessor-version":[{"id":376,"href":"https:\/\/au-suisse.ch\/index.php\/wp-json\/wp\/v2\/pages\/166\/revisions\/376"}],"wp:attachment":[{"href":"https:\/\/au-suisse.ch\/index.php\/wp-json\/wp\/v2\/media?parent=166"}],"curies":[{"name":"wp","href":"https:\/\/api.w.org\/{rel}","templated":true}]}}

Fête des mères

<div data-elementor-type="wp-page" data-elementor-id="166" class="elementor elementor-166" data-elementor-post-type="page">
						<section class="elementor-section elementor-top-section elementor-element elementor-element-2caf282 elementor-section-stretched elementor-section-boxed elementor-section-height-default elementor-section-height-default" data-id="2caf282" data-element_type="section" data-e-type="section" data-settings="{&quot;stretch_section&quot;:&quot;section-stretched&quot;}">
						<div class="elementor-container elementor-column-gap-default">
					<div class="elementor-column elementor-col-100 elementor-top-column elementor-element elementor-element-431fa3e" data-id="431fa3e" data-element_type="column" data-e-type="column">
			<div class="elementor-widget-wrap elementor-element-populated">
						<div class="elementor-element elementor-element-d42c4ff elementor-widget elementor-widget-heading" data-id="d42c4ff" data-element_type="widget" data-e-type="widget" data-widget_type="heading.default">
				<div class="elementor-widget-container">
					<h1 class="elementor-heading-title elementor-size-xl">Menu de la fête des mères</h1>				</div>
				</div>
				<section class="elementor-section elementor-inner-section elementor-element elementor-element-7424228 elementor-section-boxed elementor-section-height-default elementor-section-height-default" data-id="7424228" data-element_type="section" data-e-type="section">
						<div class="elementor-container elementor-column-gap-default">
					<div class="elementor-column elementor-col-33 elementor-inner-column elementor-element elementor-element-b2c566b" data-id="b2c566b" data-element_type="column" data-e-type="column">
			<div class="elementor-widget-wrap">
							</div>
		</div>
				<div class="elementor-column elementor-col-33 elementor-inner-column elementor-element elementor-element-adf84b8" data-id="adf84b8" data-element_type="column" data-e-type="column">
			<div class="elementor-widget-wrap elementor-element-populated">
						<div class="elementor-element elementor-element-0a4c7f2 elementor-widget elementor-widget-text-editor" data-id="0a4c7f2" data-element_type="widget" data-e-type="widget" data-widget_type="text-editor.default">
				<div class="elementor-widget-container">
									<p>Célébrez Pâques avec une assiette festive et gourmand. Commencez par de tendres asperges accompagnées de jambon cru et nappées d&rsquo;une sauce hollandaise onctueuse. Poursuivez avec un rôti d&rsquo;agneau fondant et savoureux, servi avec un assortiment de légumes printaniers et des pommes croustillantes dorées à souhait. Terminez ce repas en douceur avec une coupe de fraises fraîches, pour une touche fruitée et légère.</p><p> </p><p>Menu complet : 55.00 CHF</p><p>Assiette : 32.00 CHF</p>								</div>
				</div>
					</div>
		</div>
				<div class="elementor-column elementor-col-33 elementor-inner-column elementor-element elementor-element-6abc013" data-id="6abc013" data-element_type="column" data-e-type="column">
			<div class="elementor-widget-wrap">
							</div>
		</div>
					</div>
		</section>
					</div>
		</div>
					</div>
		</section>
				</div>

<p>Menu de la fête des mères Célébrez Pâques avec une assiette festive et gourmand. Commencez par de tendres asperges accompagnées de jambon cru et nappées d&rsquo;une sauce hollandaise onctueuse. Poursuivez avec un rôti d&rsquo;agneau fondant et savoureux, servi avec un assortiment de légumes printaniers et des pommes croustillantes dorées à souhait. Terminez ce repas en&hellip; <a class="more-link" href="https://au-suisse.ch/index.php/fete-des-meres/">Poursuivre la lecture <span class="screen-reader-text">Fête des mères</span></a></p>
